03, 14851
List the prime factors of 57687631.
1061, 54371
List the prime factors of 53173741.
53173741
What are the prime factors of 3054697204?
2, 13, 107, 549011
What are the prime factors of 547863888?
2, 3, 11, 13, 79817
What are the prime factors of 4804054821?
3, 199, 2682331
What are the prime factors of 4039762657?
7, 577108951
What are the prime factors of 27174231?
3, 7, 143779
List the prime factors of 2013414441.
3, 1951, 343997
List the prime factors of 1143906115.
5, 11, 17, 19, 3389
List the prime factors of 281641934.
2, 7, 101, 199181
List the prime factors of 560506518.
2, 3, 11, 13, 71, 3067
What are the prime factors of 610367?
41, 14887
List the prime factors of 1524962902.
2, 762481451
List the prime factors of 47491393.
19, 43, 58129
List the prime factors of 166469872.
2, 89, 116903
List the prime factors of 29097235.
5, 463, 12569
List the prime factors of 114533209.
7, 29, 43, 13121
List the prime factors of 6036573976.
2, 37, 1543, 13217
List the prime factors of 435613430.
2, 5, 7, 18143
List the prime factors of 3606533601.
3, 11, 109288897
List the prime factors of 99369180.
2, 3, 5, 61339
What are the prime factors of 166265961?
3, 29, 1911103
What are the prime factors of 41484989?
7, 13, 41, 11119
List the prime factors of 249619705.
5, 397, 125753
What are the prime factors of 8634689?
7, 1233527
What are the prime factors of 352127756?
2, 88031939
What are the prime factors of 42624000?
2, 3, 5, 37
What are the prime factors of 49523012?
2, 7, 11, 160789
List the prime factors of 3649250803.
11, 331750073
List the prime factors of 59957272.
2, 431, 17389
What are the prime factors of 802063096?
2, 6793, 14759
List the prime factors of 21999876.
2, 3, 53, 34591
What are the prime factors of 4107613130?
2, 5, 410761313
What are the prime factors of 76832635?
5, 11, 79, 17683
List the prime factors of 499102561.
523, 954307
List the prime factors of 66684524.
2, 83, 353, 569
What are the prime factors of 337626672?
2, 3, 1423, 4943
What are the prime factors of 53783530?
2, 5, 883, 6091
What are the prime factors of 72199921?
23, 907, 3461
What are the prime factors of 2099687?
17, 29, 4259
List the prime factors of 22961915.
5, 59, 277, 281
What are the prime factors of 4030569143?
4030569143
List the prime factors of 311937814.
2, 1523, 102409
List the prime factors of 727618632.
2, 3, 13, 17, 137183
List the prime factors of 1413051876.
2, 3, 39251441
List the prime factors of 329088329.
17, 19358137
List the prime factors of 81032620.
2, 5, 4051631
What are the prime factors of 148068930?
2, 3, 5, 191, 25841
List the prime factors of 4551426339.
3, 197, 7701229
List the prime factors of 82397286.
2, 3, 4577627
What are the prime factors of 1742170949?
23, 47, 71, 22699
List the prime factors of 65408718.
2, 3, 1801, 6053
What are the prime factors of 85506265?
5, 13, 1315481
List the prime factors of 1184893047.
3, 13, 17, 23, 59, 439
List the prime factors of 56552199.
3, 11, 197, 8699
List the prime factors of 198521670.
2, 3, 5, 67, 283, 349
What are the prime factors of 286262192?
2, 37, 483551
What are the prime factors of 756060652?
2, 17, 79, 140741
List the prime factors of 3012845178.
2, 3, 7, 233, 307873
What are the prime factors of 3960339762?
2, 3, 660056627
List the prime factors of 105797089.
59, 1793171
List the prime factors of 545628718.
2, 73, 3737183
List the prime factors of 371463983.
11, 47, 269, 2671
List the prime factors of 1095572926.
2, 7, 2417, 32377
What are the prime factors of 1018829307?
3, 2657, 127817
List the prime factors of 702229032.
2, 3, 9753181
List the prime factors of 132091852.
2, 23, 907, 1583
What are the prime factors of 326869100?
2, 5, 23, 37, 167
List the prime factors of 28969910.
2, 5, 463, 6257
List the prime factors of 3649267.
89, 131, 313
What are the prime factors of 66468575?
5, 47, 56569
List the prime factors of 83559590.
2, 5, 17, 491527
List the prime factors of 3783409.
7, 227, 2381
What are the prime factors of 63285676?
2, 887, 17837
List the prime factors of 659101799.
53, 12435883
What are the prime factors of 794117415?
3, 5, 7, 13, 131, 4441
What are the prime factors of 19484529?
3, 1381, 4703
What are the prime factors of 7947046?
2, 1481, 2683
List the prime factors of 48852325.
5, 19, 5413
What are the prime factors of 289561956?
2, 3, 509, 47407
List the prime factors of 16102329.
3, 19, 101, 2797
What are the prime factors of 945218173?
17, 59, 79, 151
List the prime factors of 2424703682.
2, 4327, 280183
What are the prime factors of 1251334398?
2, 3, 29, 107, 67211
List the prime factors of 4147977478.
2, 53, 71, 103, 5351
What are the prime factors of 196202330?
2, 5, 19620233
List the prime factors of 61066817.
7, 19, 23, 19963
List the prime factors of 4162640664.
2, 3, 7, 13, 101, 113, 167
List the prime factors of 95304598.
2, 43, 137, 8089
List the prime factors of 1964077739.
13, 5641, 26783
List the prime factors of 1990265177.
587, 3390571
List the prime factors of 229559797.
47, 193, 25307
What are the prime factors of 77674462?
2, 17, 457, 4999
What are the prime factors of 429422822?
2, 17, 12630083
List the prime factors of 2505712434.
2, 3, 101, 40939
List the prime factors of 1307175442.
2, 37, 4177, 4229
What are the prime factors of 63784576?
2, 547, 911
List the prime factors of 4035413.
499, 8087
List the prime factors of 126406348.
2, 101, 312887
What are the prime factors of 7204098687?
3, 17, 67, 1019, 2069
List the prime factors of 139530090.
2, 3, 5, 7, 227, 2927
List the prime factors of 66248926.
2, 79, 419297
List the prime factors of 110097359.
47, 73, 32089
What are the prime factors of 36691214?
2, 7, 157, 16693
What are the prime factors of 428961017?
17, 23, 37, 149, 199
List the prime factors of 938132558.
2, 11, 37, 107, 10771
What are the prime factors of 983528101?
22511, 43691
List the prime factors of 685529045.
5, 137105809
List the prime factors of 30214269.
3, 1119047
What are the prime factors of 170853839?
13, 13142603
List the prime factors of 53441652.
2, 3, 11, 89, 4549
What are the prime factors of 184138600?
2, 5, 307, 2999
What are the prime factors of 112198889?
11, 31, 151, 2179
What are the prime factors of 45107101?
13, 3469777
What are the prime factors of 476459245?
5, 95291849
What are the prime factors of 2606679120?
2, 3, 5, 10861163
List the prime factors of 60780546.
2, 3, 79, 42743
List the prime factors of 154755129.
3, 101, 239, 2137
List the prime factors of 174124497.
3, 29, 727, 2753
List the prime factors of 254165784.
2, 3, 557, 19013
What are the prime factors of 823581892?
2, 7, 29413639
What are the prime factors of 101012404?
2, 163, 154927
List the prime factors of 50811102.
2, 3, 683, 4133
List the prime factors of 132378539.
132378539
List the prime factors of 60104912.
2, 7, 536651
List the prime factors of 317766126.
2, 3, 67, 619, 1277
What are the prime factors of 116471827?
127, 917101
List the prime factors of 1099633949.
19, 47, 67, 18379
List the prime factors of 519399165.
3, 5, 2531, 13681
What are the prime factors of 732762742?
2, 41, 43, 71, 2927
List the prime factors of 2076490462.
2, 23, 3701, 12197
What are the prime factors of 252138982?
2, 126069491
List the prime factors of 135210783.
3, 19, 2372119
What are the prime factors of 54657530?
2, 5, 1009, 5417
List the prime factors of 1689432.
2, 3, 70393
List the prime factors of 99304694.
2, 49652347
What are the prime factors of 1680648126?
2, 3, 53, 5285057
What are the prime factors of 64209122?
2, 31, 1035631
What are the prime factors of 309670228?
2, 7, 11059651
What are the prime factors of 6181619374?
2, 7, 283, 1560227
What are the prime factors of 2088836966?
2, 1627, 641929
What are the prime factors of 119762602?
2, 97, 617333
What are the prime factors of 304948834?
2, 71, 2147527
What are the prime factors of 9472356?
2, 3, 229, 383
List the prime factors of 14282744.
2, 7, 255049
What are the prime factors of 330492044?
2, 82623011
List the prime factors of 110844387.
3, 173, 71191
List the prime factors of 8106684861.
3, 11, 41, 2029, 2953
What are the prime factors of 775688412?
2, 3, 4729, 13669
List the prime factors of 338699602.
2, 17, 127, 78439
List the prime fac